In base 15, what is -502be - -5?
-502b9
In base 11, what is 763 - 3a?
724
In base 7, what is -4 + 433162?
433155
In base 16, what is -30375 + 4?
-30371
In base 6, what is 1503 - 52424?
-50521
In base 10, what is 1714 + 7?
1721
In base 9, what is 47305 + -181?
47114
In base 14, what is 482c - 2d?
47dd
In base 14, what is -30 - 27?
-57
In base 16, what is dc9f8 + 1?
dc9f9
In base 14, what is -a5 + -1211?
-12b6
In base 2, what is 111011110000010 + 110?
111011110001000
In base 13, what is -1 - -7c511?
7c510
In base 14, what is -143 - -85?
-9c
In base 7, what is -3 - -216241?
216235
In base 14, what is c08 + c0?
cc8
In base 6, what is -3 - 30025225?
-30025232
In base 2, what is 100000 - -1011010001100?
1011010101100
In base 8, what is -14 + -137221?
-137235
In base 5, what is 11 + -12131221?
-12131210
In base 3, what is -110010 - -22210?
-10100
In base 6, what is -1053441 - 10?
-1053451
In base 15, what is -99167 - 3?
-9916a
In base 11, what is 4 + 18526?
1852a
In base 14, what is 6b07 + 1?
6b08
In base 2, what is -1000000001100 - -110110?
-111111010110
In base 10, what is -5 - 3895?
-3900
In base 10, what is 3312781 + 3?
3312784
In base 7, what is 41 + -3212?
-3141
In base 10, what is 948284 + 1?
948285
In base 11, what is 6 + 23a1?
23a7
In base 7, what is 206 - 1502?
-1263
In base 16, what is -26e0 - -3?
-26dd
In base 14, what is -54 - -2b8?
264
In base 14, what is -1a - 104?
-120
In base 11, what is 17 + 804a?
8066
In base 8, what is 1242325 + 5?
1242332
In base 12, what is 283a - 20?
281a
In base 12, what is 4 + -2253?
-224b
In base 7, what is 26352 + -10?
26342
In base 5, what is 1402244 + -42?
1402202
In base 10, what is 4 + 118749?
118753
In base 2, what is -100 - 1110010001110100?
-1110010001111000
In base 14, what is -43671 + -1?
-43672
In base 9, what is -444362 - -2?
-444360
In base 9, what is 4 + -807082?
-807077
In base 11, what is 346362 + 3?
346365
In base 7, what is -6305 - 60?
-6365
In base 8, what is -12370 - -46?
-12322
In base 15, what is 175 + -c8c?
-b17
In base 15, what is 95292 - -5?
95297
In base 4, what is -131323 + -311?
-132300
In base 10, what is 3682 + 116?
3798
In base 10, what is -1642232 + -1?
-1642233
In base 2, what is 10000111 + 1000010100?
1010011011
In base 5, what is 3024023 + 33?
3024111
In base 2, what is -10000 + -11111101110111?
-11111110000111
In base 16, what is -3b + 6e11?
6dd6
In base 5, what is 2202121 + 20?
2202141
In base 11, what is 46a35a - 3?
46a357
In base 9, what is -24 - 113?
-137
In base 3, what is 121010 - -12122002?
20020012
In base 4, what is 1233110 + 33?
1233203
In base 10, what is 1153 + 72?
1225
In base 15, what is -102b + 18?
-1013
In base 9, what is 3041 + 46?
3087
In base 6, what is -3250 + -4344?
-12034
In base 7, what is -11321 - -10?
-11311
In base 6, what is -4 - 11114341?
-11114345
In base 4, what is -30111 - 322?
-31033
In base 3, what is -120 + -122012?
-122202
In base 13, what is 92 - -115?
1a7
In base 12, what is 0 + -aba8?
-aba8
In base 5, what is -413130 + 24?
-413101
In base 12, what is -29a - 7469?
-7747
In base 16, what is -28 + 3e?
16
In base 5, what is 2330 + 14?
2344
In base 10, what is 111725 - 6?
111719
In base 11, what is -776 - -27?
-74a
In base 14, what is dc9a51 - -5?
dc9a56
In base 10, what is -1 - 202528?
-202529
In base 16, what is 131 - -29a?
3cb
In base 6, what is -11 + 15022?
15011
In base 14, what is -38bb - -24?
-3897
In base 2, what is 1 - 101000011011111011110?
-101000011011111011101
In base 9, what is -17577 - 250?
-17837
In base 8, what is 5 - -1002062?
1002067
In base 2, what is -11 + 100001000111001100?
100001000111001001
In base 4, what is 30113031 + 33?
30113130
In base 16, what is 4a66 + -2?
4a64
In base 15, what is 6e28c6 + 2?
6e28c8
In base 11, what is 4 - -3686?
368a
In base 9, what is -4686 + 0?
-4686
In base 5, what is 4 - 313103?
-313044
In base 11, what is -3 - 117770?
-117773
In base 5, what is -11124 - 441?
-12120
In base 6, what is -45225 - -121?
-45104
In base 4, what is -1120 + -13110003?
-13111123
In base 2, what is -1011000111 - 1010110110?
-10101111101
In base 5, what is 0 + -10011432?
-10011432
In base 3, what is 22 + 10222211101?
10222211200
In base 7, what is -11632 + 36?
-11563
In base 9, what is 1872 - 502?
1370
In base 12, what is 39 - -205a?
2097
In base 9, what is 1 - 51540?
-51538
In base 10, what is 51812 - -4?
51816
In base 4, what is 32131132100 + -3?
32131132031
In base 11, what is -37922 - 12?
-37934
In base 13, what is -18b + 410?
252
In base 11, what is 108aa8 - 2?
108aa6
In base 14, what is 46 - -155?
19b
In base 11, what is 14 + -2898?
-2884
In base 8, what is 13707 - 2?
13705
In base 14, what is -7 - 118c?
-1195
In base 14, what is -4 - -25a?
256
In base 8, what is -20711 + -172?
-21103
In base 9, what is 51371 + 6?
51377
In base 13, what is -a1449 - 4?
-a1450
In base 16, what is -bed - 33?
-c20
In base 9, what is -136 + 1158?
1022
In base 12, what is -424b5 - 5?
-424ba
In base 6, what is 5230 + 2?
5232
In base 5, what is 200223 - -13?
200241
In base 6, what is -1310 + -25?
-1335
In base 12, what is 1 - -7137?
7138
In base 10, what is 2952909 + -1?
2952908
In base 2, what is -1100010101111111 - -11?
-1100010101111100
In base 15, what is 58b0 - 2?
58ad
In base 14, what is -25b + -761?
-9bc
In base 14, what is 538b - 5?
5386
In base 16, what is -5af - 7?
-5b6
In base 6, what is -4005 + 134?
-3431
In base 8, what is 36773 + 10?
37003
In base 11, what is 3336a7 + -3?
3336a4
In base 10, what is -1104461 + -5?
-1104466
In base 4, what is -13332 - -33?
-13233
In base 2, what is -10010001000 - 101?
-10010001101
In base 9, what is 62876 + 10?
62886
In base 13, what is 2 - -813c3?
813c5
In base 7, what is -6230 + -11?
-6241
In base 5, what is 430 + -12444?
-12014
In base 6, what is 23351 - -515?
24310
In base 11, what is -a241 + 125?
-a117
In base 9, what is -8462 + -58?
-8531
In base 4, what is -320123 + -3103?
-323232
In base 6, what is -311 + 21014?
20303
In base 3, what is 10 + 12100022002?
12100022012
In base 7, what is 1 + 350416?
350420
In base 4, what is 20 - 230132232?
-230132212
In base 5, what is 2203 - -4030?
11233
In base 13, what is 39bbc9 + -1?
39bbc8
In base 6, what is 5514435 - 52?
5514343
In base 4, what is 1312112 - 100?
1312012
In base 6, what is 402440 + -2?
402434
In base 16, what is 1 - 74fe7?
-74fe6
In base 15, what is -a736 + 4?
-a732
In base 12, what is 13 + 8ba?
911
In base 12, what is 42 - -252?
294
In base 16, what is -2 - -854f?
854d
In base 16, what is -80fa - -4?
-80f6
In base 9, what is -1 + -16348?
-16350
In base 10, what is 8979 - -184?
9163
In base 3, what is 0 - 1121101011?
-1121101011
In base 7, what is -431 + -16401?
-20132
In base 4, what is -20202311 + 0?
-20202311
In base 9, what is -6377 - -68?
-6308
In base 14, what is -54a - 7d1?
-d3b
In base 7, what is -42234 + -1116?
-43353
In base 6, what is -11405 - 20?
-11425
In base 3, what is -111222 - -2002110?
1120111
In base 12, what is 246784 - -3?
246787
In base 6, what is -12 + 5030?
5014
In base 2, what is 1110001111 - -10010101101?
100000111100
In base 9, what is -2848675 - 2?
-2848677
In base 16, what is -2 - -3a6b7?
3a6b5
In base 2, what is -11 + -1101000101010110?
-1101000101011001
In base 9, what is 382 + -266?
115
In base 7, what is 2262 - 54?
2205
In base 8, what is -3 - 531151?
-531154
In base 7, what is -31606 + 11?
-31565
In base 12, what is -31b + bb?
-220
In base 4, what is -11020 - -11222?
202
In base 14, what is 1c7 - -36?
21d
In base 5, what is 1343422 + -32?
1343340
In base 4, what is 2330102131 - -2?
2330102133
In base 11, what is 36 + -5417?
-5391
In base 16, what is 117 + 22e6?
23fd
In base 7, what is -23 - -134356?
134333
In base 7, what is 20224 - 355?
16536
In base 9, what is -187 - 2?
-200
In base 2, what is 10001010 - 111011101000?
-111001011110
In base 5, what is 1113 - 2313?
-1200
In base 9, what is 7 + -258?
-251
In base 8, what is -5656352 + 4?
-5656346
In base 15, what is 3746 + -4?
3742
In base 14, what is 34c - -41?
38d
In base 7, what is -22 - 1524164?
-1524216
In base 15, what is -10 - 10c8?
-10d8
In base 13, what is -1246c0 + -6?
-1246c6
In base 16, what is 2 - -4323d?
4323f
In base 3, what is 11 + -12101220?
-12101202
In base 11, what is -5 + 13428?
13423
In base 15, what is e9 + -96?
53
In